late the greatest common factor of n and 625.
25
Suppose 15*d - 14*d = 3. Suppose 4*o = 2*t - 64, 0 = d*t - o - 26 - 80. Calculate the greatest common divisor of 54 and t.
18
Let p = -362 + 623. Calculate the greatest common factor of p and 58.
29
Suppose -3*i - 5*y + 8*y + 303 = 0, i - 125 = -5*y. Calculate the greatest common factor of 140 and i.
35
Suppose 83*s - 124*s = -10496. Calculate the greatest common divisor of s and 2.
2
Let m = -4 - 14. Let s = 0 - m. Suppose -5*i - 9 = -99. Calculate the highest common factor of i and s.
18
Suppose -7*f = -10*f + 135. Calculate the greatest common factor of f and 120.
15
Suppose -3*p + 20 - 8 = 0, -54 = -h + 2*p. Suppose 0 = u + u - h. What is the highest common divisor of 248 and u?
31
Let o be (-3)/(9/(-8))*3. Suppose 5*c - 36 - 4 = 0. Suppose -6*i = -c*i + 16. What is the highest common divisor of i and o?
8
Let a(p) = -281*p + 13. Let c be a(-1). Calculate the greatest common factor of 42 and c.
42
Let b be (-4)/(-6) + (-237)/(-9). Let g be 766 + 2 - (-3 - -5). Suppose 885 = 3*w - 2*q, -5*w - 3*q + 728 = -g. Calculate the highest common factor of b and w.
27
Let g(r) = -r + 10. Let i(n) = 1. Let w(u) = g(u) - 5*i(u). Let h be w(-6). Let b be 3*4/(-6) - -13. Calculate the highest common factor of b and h.
11
Let f(b) = 9*b + 65. Let x be f(2). Calculate the highest common factor of 747 and x.
83
Suppose 0 = -18*u + 6986 + 7000. Calculate the greatest common divisor of u and 222.
111
Let u = 1464 + -1218. Calculate the greatest common factor of u and 656.
82
Let v = -19 - 11. Let z be (-12)/v + (266/10 - -1). What is the greatest common factor of 21 and z?
7
Suppose -4*o - l = -173 + 26, -177 = -5*o + l. Calculate the highest common factor of o and 117.
9
Let y(f) = 2*f**2 - 24*f + 152. Let x be y(5). What is the greatest common factor of x and 287?
41
Let u(j) = 2 - j**3 - 10 - 8*j**2 + 0 - 4*j - 2. Suppose -4*a - 8 = 0, 5*h - 2*h + 4*a = -32. Let s be u(h). Calculate the greatest common divisor of s and 11.
11
Let g(q) = q**3 - 5*q**2 + 4*q + 1. Let d be g(3). Let f = 11 - d. What is the greatest common divisor of 32 and f?
16
Suppose 140 = 2*t - 4*p, -4*t + 0*p + 328 = 4*p. Calculate the highest common factor of t and 1014.
78
Let n = 4 + 5. Let m(s) = -s**2 + 6. Let w be m(0). Suppose -g + 3 = -w. Calculate the greatest common divisor of n and g.
9
Let r be ((-91)/(-2) - -1)/((-6)/(-88)). What is the highest common factor of 248 and r?
62
Let t(m) = -3*m**3 - 5*m**2 - 4*m + 2. Let p be -14*1/(-4)*-6. Let q = p + 17. Let y be t(q). Calculate the highest common factor of 26 and y.
26
Suppose 3*k = 5*k - 3*p - 42, 34 = k + 5*p. What is the highest common factor of 136 and k?
8
Let j = 31 - 15. Let x = 74 + 102. Calculate the greatest common divisor of x and j.
16
Let y be (-1 - 0) + (-130)/(-2). Suppose -2*f + 32 = -3*t, 2 = 2*f - 0*f. Let c = 18 + t. Calculate the highest common factor of c and y.
8
Let w be (92*30/24)/1. What is the greatest common factor of w and 46?
23
Let t = 10 - -315. Calculate the greatest common factor of t and 13.
13
Let c = -16 + 10. Let m = 11 + c. Suppose m*x + 0*x = -4*y + 110, 0 = 5*y - 25. Calculate the highest common factor of 18 and x.
18
Suppose -19*j + 22*j - 66 = 0. Suppose -j = -7*v + 13. Let r be (v/(-10))/(3/(-210)). Calculate the highest common divisor of r and 385.
35
Let f be 33/22*(-536)/(-12). What is the greatest common factor of f and 67?
67
Suppose 35*g - 21833 = 3927. Calculate the greatest common factor of g and 46.
46
Suppose -6720 - 7216 = -26*w. What is the highest common divisor of w and 16?
8
Suppose 8*a + 49 = 145. Suppose -3*d - 72 = -5*d. Calculate the greatest common divisor of a and d.
12
Suppose u - 3*i - 1 = 0, -u + 2*i = -0*i - 2. Suppose -4*z - n = -87, -u*n + 40 = 2*z - 0*z. What is the highest common factor of z and 66?
22
Let j(f) = -f**2 - f + 15. Let t be j(0). What is the greatest common factor of 9 and t?
3
Let q be ((-4680)/16)/((-1)/(-2)). Let o = -273 - q. Suppose -b + 4*j - o = -3*b, 0 = 4*b - j - 615. Calculate the greatest common factor of b and 14.
14
Suppose 599 = 5*u - 3*z, 4*u + 7*z - 6*z = 486. Calculate the greatest common divisor of 11 and u.
11
Let p(m) = -m**3 + 15*m**2 - 14*m - 16. Let o be p(8). What is the highest common factor of 20 and o?
20
Let t = 33 + -33. Suppose 3*x + 3*k - 108 = t, -2*x = x - 4*k - 136. Calculate the highest common factor of x and 16.
8
Let b be (-16 - -13) + 2*34. Calculate the greatest common divisor of b and 169.
13
Let h(n) = n**2 - 21*n - 2. Let s be h(30). Calculate the greatest common divisor of s and 67.
67
Let p = 0 + 3. Suppose -p*r + 5*i - i = -44, 2*r - 5*i - 41 = 0. Suppose 23 = -3*m + 5*m + v, 0 = m + 4*v - 8. What is the greatest common factor of r and m?
4
Let v = 186 - 183. What is the greatest common divisor of v and 87?
3
Let a be (-8 + 10 - -6)*3/2. Calculate the highest common factor of a and 69.
3
Suppose -2*h = 5*m + 276, -6*h + 8 = -2*h. Let y = 137 + m. Calculate the highest common divisor of 3 and y.
3
Suppose -44*t = -49*t + 100. What is the highest common divisor of t and 90?
10
Suppose -237*g = -244*g + 49. What is the highest common factor of 21 and g?
7
Let h be 3 + -3 + -3 - -4. Let m be h + 4 + 36/(-12). Suppose -2*a - m*a = -476. What is the highest common factor of 17 and a?
17
Suppose -33*h = 3*h - 72. What is the greatest common divisor of h and 922?
2
Let n(j) = -11*j - 37. Let q be n(-8). Suppose -i + 68 = 3*i - 3*a, 5*i - 4*a - 85 = 0. Calculate the highest common divisor of q and i.
17
Suppose 0 = 7*y - 10*y + 12, -4*n + 2*y + 44 = 0. What is the highest common divisor of 104 and n?
13
Let z = -9 - -40. What is the greatest common divisor of 403 and z?
31
Let l = -12 - -13. Let k be (9 + 0 - (9 + -10))*l. Calculate the greatest common factor of k and 4.
2
Suppose -22 - 3 = -5*k. Suppose -4*z = -k*r - 53, -12 = -5*z - 5*r - 2. What is the highest common factor of z and 49?
7
Suppose -3*v = -2*v - 5. Suppose j + 21 = 4*n + 4, -1 = 2*j + 3*n. Let p be 1/2*-2*j. What is the greatest common factor of p and v?
5
Let p = 203 - 58. Let f = 83 + -54. What is the highest common divisor of p and f?
29
Let h be 65/78 + (-49)/(-6). What is the highest common factor of h and 747?
9
Let p(j) be the third derivative of j**5/60 + 3*j**4/8 + 37*j**3/6 - 49*j**2. Let u be p(-21). Calculate the highest common factor of 17 and u.
17
Let d = 195 + -179. What is the greatest common divisor of d and 12?
4
Let z = 88 - 8. Suppose 2*m + 3*m - z = 0. Let i = 155 + 21. Calculate the greatest common divisor of i and m.
16
Let a(u) = u**3 - 2*u**2 - u + 2. Let o be a(7). Suppose 3*z = 5*z - 96. Calculate the highest common factor of o and z.
48
Let n be ((-1)/(-1) - 67)*-1. Suppose 0*w - 5*d = -4*w - 10, -d - 2 = 0. Let s be (-14)/w + -3 - 392/(-35). Calculate the highest common divisor of s and n.
11
Suppose 4 = 6*y - 104. Let h = y - 10. Calculate the highest common factor of h and 40.
8
Let n = -3219 - -3288. Suppose 2*p + p - 21 = -4*a, 0 = 4*p - 2*a - 6. What is the greatest common factor of p and n?
3
Suppose -4 = -2*u - 2*u. Let i(n) = n**2 + 5*n + 6. Let d be i(-5). Let s = -5 + d. Calculate the highest common factor of s and u.
1
Let u = 10 - -55. Calculate the greatest common factor of 52 and u.
13
Let t = 5 + -1. Let v(y) = -y**3 - 7*y**2 - 7*y - 13. Let u be v(-7). Calculate the greatest common divisor of t and u.
4
Let q(z) = -52*z - 227. Let f be q(-40). Calculate the greatest common factor of 109 and f.
109
Suppose 48 = 4*m - 2*t, -3*m - 2*t + 21 = -8. Suppose -g - m = -12. Calculate the greatest common divisor of 7 and g.
1
Suppose -96 = 8*n - 2*n. Let i = 51 + n. What is the greatest common divisor of i and 14?
7
Suppose -24 - 16 = -2*n. Suppose v - n = 6*v. Let m be v*(-1 + 18/(-4)). Calculate the highest common factor of 44 and m.
22
Suppose -2*q + 15 + 5 = -4*o, -3*o + 2*q - 16 = 0. Let y(z) = -8*z - 4. Let l be y(o). Calculate the greatest common factor of l and 35.
7
Let x be (-17)/3 - (-2)/3. Let t be 5/(x/(-6))*24/18. Calculate the greatest common factor of t and 4.
4
Suppose 3186 = 8*u - 342. What is the highest common factor of 98 and u?
49
Suppose 0 = -4*r - 27 + 107. Let h(t) = 2*t**2 + 5*t - 147. Let f be h(9). Calculate the highest com